ivided by l.
23
Calculate the remainder when 2/(-36) - 17/153 - (-7154)/12 is divided by 59.
6
Let p be 493/(-58)*(-1 - 1). Suppose k - 38 = -4*u, -k + p + 21 = -u. What is the remainder when k is divided by 26?
12
Let t(f) = -f**2 - 18*f + 92. Let q be t(4). Suppose -17*y - 504 = -q*o - 13*y, 0 = -o - 5*y + 150. Calculate the remainder when o is divided by 15.
10
Suppose 4*r - 6*z - 6 = -z, 0 = -2*r + 4*z. Calculate the remainder when 95 is divided by 1820/78 + r/6.
23
Suppose 0 = 4*x - 3*w - 85, 3*w + 18 + 17 = 2*x. Suppose -28*b + 123 = -x*b. What is the remainder when b is divided by 16?
9
Let o(t) = 244*t + 6203. What is the remainder when o(-17) is divided by 409?
10
Let b(c) = 18*c. Let n be b(0). Suppose k + 47*y - 43*y - 95 = n, 0 = 4*y + 12. Calculate the remainder when k is divided by 28.
23
Let k be 1/(-10)*-4 - (-78288)/80. Suppose -21*v = -470 - k. What is the remainder when 128 is divided by v?
59
Let t = 11 + -7. Let r(c) = -5*c**2 - 10*c - 13. Let s(k) = 6*k**2 + 11*k + 11. Let n(h) = -5*r(h) - 6*s(h). What is the remainder when t is divided by n(-1)?
0
Suppose 0 = a + 2*w - 291, -a + 3*w + 321 = -w. Let o = -158 + a. Calculate the remainder when o is divided by 24.
23
Let m(o) = o**3 - 5*o**2 + 3*o - 12. Let i be m(5). Suppose -134 = -5*b + x - 0*x, 0 = 3*b + i*x - 66. What is the remainder when 231 is divided by b?
23
Suppose 33*q = 50*q - 2448. Let d(t) = 5*t + 12. What is the remainder when q is divided by d(5)?
33
Suppose 0 = 2*d - 3*b - 19, 0 = -3*d - 3*b - b - 14. Suppose -22 = -d*l - 8. What is the remainder when 19 is divided by 1 + 1 - (l - (-24)/(-3))?
1
Let h = -4419 + 4477. Calculate the remainder when h is divided by 6.
4
Let y be (1 - 2)/(-5) + 43594/355. Let v = 7 - 5. Suppose f - y = -v*f. Calculate the remainder when f is divided by 11.
8
Suppose 3*i = -16*i - 11*i + 3420. Suppose u - 75 = -2*q, -21 - 30 = -q + 4*u. Calculate the remainder when i is divided by q.
36
Let j(q) = 4*q**2 + 64*q + 7. What is the remainder when 28 is divided by j(-16)?
0
Suppose -5*d - 4*a = -1256, -d - 4*a + 500 = d. Suppose -d = -3*g - o + 86, g = -4*o + 98. Calculate the remainder when g is divided by 17.
12
Suppose 5*u = -160*r + 161*r - 95, -3*u + 196 = 4*r. Calculate the remainder when 1007 is divided by r.
17
Suppose 4*i = -7*t + 3*t + 8, 5*i - 22 = -t. Suppose 35195*s - 35859*s = -183928. Calculate the remainder when s is divided by i.
2
Let n be (-1 + -1 - -5) + (-40)/2. Let c(o) = -2*o + 28. Calculate the remainder when c(n) is divided by 16.
14
Suppose 545 = 5*i - 5*c, -67 + 61 = 2*c. Let h = 400 - -339. What is the remainder when h is divided by i?
103
Let h(d) = -d**2 - 9*d + 8. What is the remainder when 587 is divided by h(-4)?
27
Let k(h) = h**3 - 95*h**2 + 455*h - 104. Calculate the remainder when k(90) is divided by 6.
4
Suppose 5*q = 115 + 105. Let w = 42 - q. What is the remainder when 12 is divided by w + 8/2 + 5?
5
Let c(a) = 721*a - 5752. Let t = 36 - -42. Calculate the remainder when t is divided by c(8).
14
Suppose 14*z - 4061 = -17*z. Let y(p) = p**2 - 9*p - 13. Let j be y(12). Let m = j - 4. Calculate the remainder when z is divided by m.
17
Let o(w) = 98*w**2 - 4*w + 4. Let k(d) = d**2 + 5*d - 4. Let i be k(-6). Let s(v) = 2*v**3 - v**2 - v + 1. Calculate the remainder when o(1) is divided by s(i).
10
Let r(p) = p**3 + 3*p**2 - p + 3. Suppose -v + 197 - 185 = 0. Suppose 5*u = v*u - 133. Calculate the remainder when r(3) is divided by u.
16
Let p = 31 - 169. Let x = p + 191. Suppose -3*m - 4*s - 23 = -6*m, 3*m = s + 26. Calculate the remainder when x is divided by m.
8
Suppose 262 = 3*s + s - 3*a, -3*s + 200 = -4*a. Suppose -j - 4*g + 199 = 0, 6*g - 2*g + 362 = 2*j. What is the remainder when j is divided by s?
59
Let a(j) = -j**3 - 11*j**2 + 2*j + 26. Let y be a(-11). Suppose 11 = y*u - 9. What is the remainder when 9 is divided by u?
4
Suppose -2*f + 5*s = -3*f + 25, -2*f + 3*s = 15. Suppose f = -2*d + 3 + 149. Suppose -4*a + d = -0*a. What is the remainder when 150 is divided by a?
17
Suppose -98 = 4*y + 242. Let b = y - -49. What is the remainder when 1066/8 - (-9)/b is divided by 34?
31
Let z(i) = i - 7. Let s be z(7). Suppose g + s*u = -u + 117, 111 = g + 4*u. Suppose -619 = 8*x - 939. What is the remainder when g is divided by x?
39
Suppose s - h - 75 = 0, -63 = s - 2*s - 3*h. Let t(j) = -347*j + 82. What is the remainder when t(-1) is divided by s?
69
Suppose -5*a + p - 34 = 4, -5*a = 3*p + 46. Calculate the remainder when a/40 + 2133/15 is divided by 16.
14
Let m be (-504)/64 + 10 - 2/16. Suppose 62 = m*o - 4*l, -2 - 10 = 3*l. What is the remainder when 107 is divided by o?
15
Suppose 3*l = -6, -702 - 212 = -7*u - 5*l. Calculate the remainder when u is divided by 24.
12
Suppose -2616 - 4832 = -13*r - 25*r. Calculate the remainder when 10974 is divided by r.
194
Let k(a) = -a**2 - 11*a - 10. Let f be (1 + 0)/3*150/(-10). Suppose 0 = 4*j - 3*b - 311, -2*b + 212 = 3*j - 17. What is the remainder when j is divided by k(f)?
17
Let u(i) = -i**2 - 9*i + 6. Let a be u(-10). Let p be 21 + 3/((-12)/a). Let h = -21 + p. Calculate the remainder when 1 is divided by h.
0
Let z be 2/((-4)/6 + (-1133)/(-1749)). Let s = z - -218. Suppose -42 = -7*o + s. What is the remainder when 109 is divided by o?
21
Suppose 4*j = -0*j - y + 57, 12 = -j + 5*y. Let u = -15 - j. Let o = 65 + u. What is the remainder when o is divided by 8?
5
Let n(o) = -5 + 1005*o**3 - 2 - 1006*o**3 - 3*o**2. What is the remainder when n(-5) is divided by 3?
1
What is the remainder when ((-12)/(-21))/(-20 - 243189/(-12159)) is divided by 78?
70
Let i = -2464 - -2471. Let t = 51 - -134. Suppose t = i*o - 4. What is the remainder when o is divided by 10?
7
Let l = -1312 - -1332. What is the remainder when 903 is divided by l?
3
Let g(j) = j**2 + 15*j - 158. Let c be g(8). Suppose 0 = 15*p - c*p + 132. What is the remainder when 66 is divided by p?
6
Let c(t) = t + 2. Let a(m) = -m + 18. Let p be a(9). Calculate the remainder when 18 is divided by c(p).
7
Suppose 3*z + 30 = 8*z. Let a = 62 + -491. Let u = a - -436. Calculate the remainder when u is divided by z.
1
Suppose 99*t = 200*t - 97*t - 12952. What is the remainder when t is divided by 90?
88
Let k = -103 - -157. Let m = k + -19. What is the remainder when m is divided by 15?
5
Suppose 2*t - 10 = -2*p, -2*t - 4*p + 16 = 4. Suppose o + 254 = 4*y, 0 = t*y - 3*y - 2*o - 60. Calculate the remainder when y is divided by 33.
31
Let h(x) = -75*x + 378. Calculate the remainder when 138 is divided by h(5).
0
Let k(n) = 5*n**2 + 12*n + 89. What is the remainder when k(-36) is divided by 31?
30
Let p = -271 + 265. Calculate the remainder when 118 is divided by p/(-9)*24 - -1.
16
Let b(n) = 4*n + 2. Let k = -28 + 55. Let a be (9/(-15))/(k/(-90)). What is the remainder when 45 is divided by b(a)?
5
Calculate the remainder when (11/((-88)/72))/(-3) - -120 is divided by 14.
11
Suppose 3*v = 2*b + 532, -196 = -v + b - 5*b. Suppose -21*q + 15*q = v. Calculate the remainder when (15/q)/((-1)/34) is divided by 9.
8
Let x = -114542 + 114554. Suppose 5*l - 29 = 1. What is the remainder when (-2)/(-1)*57/l is divided by x?
7
Let f(u) = -122*u - 1770. Calculate the remainder when 674 is divided by f(-20).
4
Let j(m) = 9*m**2 - 223*m - 21. What is the remainder when j(25) is divided by (-2)/(-5) - 73/(-5)?
14
Suppose 21*h = 1031 - 401. What is the remainder when 2844 is divided by h?
24
Let s = -51 - -72. Calculate the remainder when ((195/6)/(-13))/(2*(-15)/3768) is divided by s.
20
Let o(p) = -200*p - 162. Calculate the remainder when o(-26) is divided by 40.
38
Let z(q) = 3*q**2 - 364*q + 7323. What is the remainder when z(22) is divided by 251?
14
Let p(f) = -78*f - 672. Let t = 14 + -10. What is the remainder when 3098/26 + t/(-26) is divided by p(-9)?
29
Let r(a) = -189*a - 1486. What is the remainder when r(-9) is divided by 69?
8
Let i(a) = -2*a**3 - 2*a**2 - 5*a - 2. Let z = 8756 - 8734. What is the remainder when i(-3) is divided by z?
5
Suppose -26*f + 324 = 10*f. What is the remainder when -295*(3/(-5))/3 is divided by f?
5
Let f(k) = 127*k**2 + 34*k - 8. Calculate the remainder when f(-2) is divided by 37.
25
Let q(w) = -38*w + 106. Let d(t) = 20*t - 67. Let c be d(3). Calculate the remainder whe